{"id":57,"date":"2023-10-27T16:07:59","date_gmt":"2023-10-27T16:07:59","guid":{"rendered":"https:\/\/www.safeinci.com\/?page_id=57"},"modified":"2023-11-05T18:44:51","modified_gmt":"2023-11-05T18:44:51","slug":"zespol","status":"publish","type":"page","link":"https:\/\/www.safeinci.com\/index.php\/zespol\/","title":{"rendered":"Zesp\u00f3\u0142"},"content":{"rendered":"\n<h2 class=\"wp-block-heading has-text-align-center has-medium-font-size\">safeINCI to zesp\u00f3\u0142 specjalist\u00f3w z wieloletnim do\u015bwiadczeniem w bran\u017cy kosmetycznej i akademickiej.&nbsp;<\/h2>\n\n\n\n<h2 class=\"wp-block-heading has-text-align-center has-small-font-size\"><strong><mark style=\"background-color:rgba(0, 0, 0, 0)\" class=\"has-inline-color has-cyan-bluish-gray-color\">Posiadamy bogate do\u015bwiadczenie w dziedzinie surowc\u00f3w i sk\u0142adnik\u00f3w kosmetycznych, w\u0142\u0105czaj\u0105c w to procesy ich weryfikacji, kontroli jako\u015bci oraz oceny mo\u017cliwo\u015bci zastosowania na rynkach Unii Europejskiej, Stan\u00f3w Zjednoczonych, Kanady i Australii. Nasza wiedza obejmuje r\u00f3wnie\u017c gotowe produkty kosmetyczne, w tym ich rejestracj\u0119, ocen\u0119 toksykologiczn\u0105 oraz oznakowanie. Dodatkowo, posiadamy wiedz\u0119 w zakresie doboru bada\u0144 fizykochemicznych, kt\u00f3re odgrywaj\u0105 kluczow\u0105 rol\u0119 zar\u00f3wno w kontroli jako\u015bci, jak i rozwi\u0105zywaniu problem\u00f3w technologicznych. Wspieramy naszych klient\u00f3w we wdra\u017caniu nowatorskich metod badawczych, a tak\u017ce s\u0142u\u017cymy rad\u0105 przy opracowywaniu projekt\u00f3w badawczych oraz wsp\u00f3\u0142pracy z jednostkami naukowymi. Nasza misja to nie tylko \u015bwiadczenie us\u0142ug &#8211; jeste\u015bmy Pa\u0144stwa partnerem w rozwoju i doskonaleniu produkt\u00f3w kosmetycznych. Z safeINCI mo\u017cecie by\u0107 Pa\u0144stwo pewni, \u017ce Wasze produkty spe\u0142ni\u0105 najwy\u017csze standardy jako\u015bci i zgodno\u015bci z obowi\u0105zuj\u0105cymi przepisami. Zach\u0119camy do kontaktu z nami ju\u017c dzisiaj, aby pozna\u0107, w jaki spos\u00f3b mo\u017cemy przyczyni\u0107 si\u0119 do Pa\u0144stwa sukcesu w bran\u017cy kosmetycznej.<\/mark><\/strong><\/h2>\n\n\n\n<div class=\"wp-block-columns are-vertically-aligned-center is-layout-flex wp-container-core-columns-is-layout-1 wp-block-columns-is-layout-flex\">\n<div class=\"wp-block-column is-vertically-aligned-center is-layout-flow wp-block-column-is-layout-flow\"><div class=\"wp-block-image\">\n<figure class=\"aligncenter size-large is-resized\"><img loading=\"lazy\" decoding=\"async\" width=\"1024\" height=\"1024\" src=\"https:\/\/www.safeinci.com\/wp-content\/uploads\/2023\/10\/Projekt-bez-nazwy-2-1024x1024.png\" alt=\"\" class=\"wp-image-64\" style=\"aspect-ratio:1;width:204px;height:auto\" srcset=\"https:\/\/www.safeinci.com\/wp-content\/uploads\/2023\/10\/Projekt-bez-nazwy-2-1024x1024.png 1024w, https:\/\/www.safeinci.com\/wp-content\/uploads\/2023\/10\/Projekt-bez-nazwy-2-300x300.png 300w, https:\/\/www.safeinci.com\/wp-content\/uploads\/2023\/10\/Projekt-bez-nazwy-2-150x150.png 150w, https:\/\/www.safeinci.com\/wp-content\/uploads\/2023\/10\/Projekt-bez-nazwy-2-768x768.png 768w, https:\/\/www.safeinci.com\/wp-content\/uploads\/2023\/10\/Projekt-bez-nazwy-2-60x60.png 60w, https:\/\/www.safeinci.com\/wp-content\/uploads\/2023\/10\/Projekt-bez-nazwy-2.png 1080w\" sizes=\"(max-width: 1024px) 100vw, 1024px\" \/><\/figure><\/div>\n\n\n<h2 class=\"wp-block-heading has-text-align-center has-medium-font-size\"><strong>Agnieszka \u015ali\u017cewska<\/strong><\/h2>\n\n\n\n<h2 class=\"wp-block-heading has-text-align-center has-medium-font-size\"><strong> <img decoding=\"async\" src=\"https:\/\/www.safeinci.com\/wp-content\/uploads\/2023\/10\/image.png\" alt=\"logo\" style=\"width:6%;height:6%;\"> \n884 354 270 <\/strong><\/h2>\n\n\n\n<h2 class=\"wp-block-heading has-text-align-center has-small-font-size\"><strong> <img decoding=\"async\" src=\"https:\/\/www.safeinci.com\/wp-content\/uploads\/2023\/10\/email-1.png\" alt=\"logo\" style=\"width:6%;height:8%;\">&nbsp;a.slizewska@safeinci.com<\/strong><\/h2>\n\n\n\n<ul class=\"wp-block-social-links aligncenter is-layout-flex wp-block-social-links-is-layout-flex\"><li class=\"wp-social-link wp-social-link-linkedin  wp-block-social-link\"><a href=\"https:\/\/www.linkedin.com\/in\/agnieszka-%C5%9Bli%C5%BCewska-a004b7252\/?originalSubdomain=pl\" class=\"wp-block-social-link-anchor\"><svg width=\"24\" height=\"24\" viewBox=\"0 0 24 24\" version=\"1.1\" xmlns=\"http:\/\/www.w3.org\/2000\/svg\" aria-hidden=\"true\" focusable=\"false\"><path d=\"M19.7,3H4.3C3.582,3,3,3.582,3,4.3v15.4C3,20.418,3.582,21,4.3,21h15.4c0.718,0,1.3-0.582,1.3-1.3V4.3 C21,3.582,20.418,3,19.7,3z M8.339,18.338H5.667v-8.59h2.672V18.338z M7.004,8.574c-0.857,0-1.549-0.694-1.549-1.548 c0-0.855,0.691-1.548,1.549-1.548c0.854,0,1.547,0.694,1.547,1.548C8.551,7.881,7.858,8.574,7.004,8.574z M18.339,18.338h-2.669 v-4.177c0-0.996-0.017-2.278-1.387-2.278c-1.389,0-1.601,1.086-1.601,2.206v4.249h-2.667v-8.59h2.559v1.174h0.037 c0.356-0.675,1.227-1.387,2.526-1.387c2.703,0,3.203,1.779,3.203,4.092V18.338z\"><\/path><\/svg><span class=\"wp-block-social-link-label screen-reader-text\">LinkedIn<\/span><\/a><\/li><\/ul>\n<\/div>\n\n\n\n<div class=\"wp-block-column is-vertically-aligned-center is-layout-flow wp-block-column-is-layout-flow\"><div class=\"wp-block-image\">\n<figure class=\"aligncenter size-large is-resized\"><img loading=\"lazy\" decoding=\"async\" width=\"1024\" height=\"1024\" src=\"https:\/\/www.safeinci.com\/wp-content\/uploads\/2023\/10\/Projekt-bez-nazwy-4-1024x1024.png\" alt=\"\" class=\"wp-image-65\" style=\"aspect-ratio:1;width:206px;height:auto\" srcset=\"https:\/\/www.safeinci.com\/wp-content\/uploads\/2023\/10\/Projekt-bez-nazwy-4-1024x1024.png 1024w, https:\/\/www.safeinci.com\/wp-content\/uploads\/2023\/10\/Projekt-bez-nazwy-4-300x300.png 300w, https:\/\/www.safeinci.com\/wp-content\/uploads\/2023\/10\/Projekt-bez-nazwy-4-150x150.png 150w, https:\/\/www.safeinci.com\/wp-content\/uploads\/2023\/10\/Projekt-bez-nazwy-4-768x768.png 768w, https:\/\/www.safeinci.com\/wp-content\/uploads\/2023\/10\/Projekt-bez-nazwy-4-60x60.png 60w, https:\/\/www.safeinci.com\/wp-content\/uploads\/2023\/10\/Projekt-bez-nazwy-4.png 1080w\" sizes=\"(max-width: 1024px) 100vw, 1024px\" \/><\/figure><\/div>\n\n\n<h2 class=\"wp-block-heading has-text-align-center has-medium-font-size\"><strong>Krzysztof Grabka<\/strong><\/h2>\n\n\n\n<h2 class=\"wp-block-heading has-text-align-center has-medium-font-size\"><strong><img decoding=\"async\" style=\"width:6%;height:6%;\" src=\"https:\/\/www.safeinci.com\/wp-content\/uploads\/2023\/10\/image.png\" alt=\"logo\"> 508 354 276<\/strong><\/h2>\n\n\n\n<h2 class=\"wp-block-heading has-text-align-center has-small-font-size\"><strong> <img decoding=\"async\" src=\"https:\/\/www.safeinci.com\/wp-content\/uploads\/2023\/10\/email-1.png\" alt=\"logo\" style=\"width:6%;height:8%;\"> k.grabka@safeinci.com<\/strong><\/h2>\n\n\n\n<ul class=\"wp-block-social-links aligncenter is-layout-flex wp-block-social-links-is-layout-flex\"><li class=\"wp-social-link wp-social-link-linkedin  wp-block-social-link\"><a href=\"https:\/\/www.linkedin.com\/in\/krzysztof-grabka-1b692160\/\" class=\"wp-block-social-link-anchor\"><svg width=\"24\" height=\"24\" viewBox=\"0 0 24 24\" version=\"1.1\" xmlns=\"http:\/\/www.w3.org\/2000\/svg\" aria-hidden=\"true\" focusable=\"false\"><path d=\"M19.7,3H4.3C3.582,3,3,3.582,3,4.3v15.4C3,20.418,3.582,21,4.3,21h15.4c0.718,0,1.3-0.582,1.3-1.3V4.3 C21,3.582,20.418,3,19.7,3z M8.339,18.338H5.667v-8.59h2.672V18.338z M7.004,8.574c-0.857,0-1.549-0.694-1.549-1.548 c0-0.855,0.691-1.548,1.549-1.548c0.854,0,1.547,0.694,1.547,1.548C8.551,7.881,7.858,8.574,7.004,8.574z M18.339,18.338h-2.669 v-4.177c0-0.996-0.017-2.278-1.387-2.278c-1.389,0-1.601,1.086-1.601,2.206v4.249h-2.667v-8.59h2.559v1.174h0.037 c0.356-0.675,1.227-1.387,2.526-1.387c2.703,0,3.203,1.779,3.203,4.092V18.338z\"><\/path><\/svg><span class=\"wp-block-social-link-label screen-reader-text\">LinkedIn<\/span><\/a><\/li><\/ul>\n<\/div>\n\n\n\n<div class=\"wp-block-column is-vertically-aligned-center is-layout-flow wp-block-column-is-layout-flow\"><div class=\"wp-block-image\">\n<figure class=\"aligncenter size-large is-resized\"><img loading=\"lazy\" decoding=\"async\" width=\"1024\" height=\"1024\" src=\"https:\/\/www.safeinci.com\/wp-content\/uploads\/2023\/10\/Projekt-bez-nazwy-3-1024x1024.png\" alt=\"\" class=\"wp-image-66\" style=\"aspect-ratio:1;width:206px;height:auto\" srcset=\"https:\/\/www.safeinci.com\/wp-content\/uploads\/2023\/10\/Projekt-bez-nazwy-3-1024x1024.png 1024w, https:\/\/www.safeinci.com\/wp-content\/uploads\/2023\/10\/Projekt-bez-nazwy-3-300x300.png 300w, https:\/\/www.safeinci.com\/wp-content\/uploads\/2023\/10\/Projekt-bez-nazwy-3-150x150.png 150w, https:\/\/www.safeinci.com\/wp-content\/uploads\/2023\/10\/Projekt-bez-nazwy-3-768x768.png 768w, https:\/\/www.safeinci.com\/wp-content\/uploads\/2023\/10\/Projekt-bez-nazwy-3-60x60.png 60w, https:\/\/www.safeinci.com\/wp-content\/uploads\/2023\/10\/Projekt-bez-nazwy-3.png 1080w\" sizes=\"(max-width: 1024px) 100vw, 1024px\" \/><\/figure><\/div>\n\n\n<h2 class=\"wp-block-heading has-text-align-center has-medium-font-size\"><strong>Justyna Niklewicz<\/strong><\/h2>\n\n\n\n<h2 class=\"wp-block-heading has-text-align-center has-medium-font-size\"><strong><img decoding=\"async\" src=\"https:\/\/www.safeinci.com\/wp-content\/uploads\/2023\/10\/image.png\" alt=\"logo\" style=\"width:6%;height:6%;\">  791 354 276<\/strong><\/h2>\n\n\n\n<h2 class=\"wp-block-heading has-text-align-center has-small-font-size\"><strong> <img decoding=\"async\" src=\"https:\/\/www.safeinci.com\/wp-content\/uploads\/2023\/10\/email-1.png\" alt=\"logo\" style=\"width:6%;height:8%;\"> j.niklewicz@safeinci.com<\/strong><\/h2>\n\n\n\n<ul class=\"wp-block-social-links aligncenter is-layout-flex wp-block-social-links-is-layout-flex\"><li class=\"wp-social-link wp-social-link-linkedin  wp-block-social-link\"><a href=\"https:\/\/www.linkedin.com\/in\/justyna-niklewicz-804538171\/\" class=\"wp-block-social-link-anchor\"><svg width=\"24\" height=\"24\" viewBox=\"0 0 24 24\" version=\"1.1\" xmlns=\"http:\/\/www.w3.org\/2000\/svg\" aria-hidden=\"true\" focusable=\"false\"><path d=\"M19.7,3H4.3C3.582,3,3,3.582,3,4.3v15.4C3,20.418,3.582,21,4.3,21h15.4c0.718,0,1.3-0.582,1.3-1.3V4.3 C21,3.582,20.418,3,19.7,3z M8.339,18.338H5.667v-8.59h2.672V18.338z M7.004,8.574c-0.857,0-1.549-0.694-1.549-1.548 c0-0.855,0.691-1.548,1.549-1.548c0.854,0,1.547,0.694,1.547,1.548C8.551,7.881,7.858,8.574,7.004,8.574z M18.339,18.338h-2.669 v-4.177c0-0.996-0.017-2.278-1.387-2.278c-1.389,0-1.601,1.086-1.601,2.206v4.249h-2.667v-8.59h2.559v1.174h0.037 c0.356-0.675,1.227-1.387,2.526-1.387c2.703,0,3.203,1.779,3.203,4.092V18.338z\"><\/path><\/svg><span class=\"wp-block-social-link-label screen-reader-text\">LinkedIn<\/span><\/a><\/li><\/ul>\n<\/div>\n<\/div>\n","protected":false},"excerpt":{"rendered":"<p>safeINCI to zesp\u00f3\u0142 specjalist\u00f3w z wieloletnim do\u015bwiadczeniem w bran\u017cy kosmetycznej i akademickiej.&nbsp; Posiadamy bogate do\u015bwiadczenie w dziedzinie surowc\u00f3w i sk\u0142adnik\u00f3w kosmetycznych, w\u0142\u0105czaj\u0105c w to procesy ich weryfikacji, kontroli jako\u015bci oraz &hellip; <\/p>\n","protected":false},"author":1,"featured_media":36,"parent":0,"menu_order":0,"comment_status":"closed","ping_status":"closed","template":"","meta":{"om_disable_all_campaigns":false,"_monsterinsights_skip_tracking":false,"_monsterinsights_sitenote_active":false,"_monsterinsights_sitenote_note":"","_monsterinsights_sitenote_category":0,"footnotes":""},"_links":{"self":[{"href":"https:\/\/www.safeinci.com\/index.php\/wp-json\/wp\/v2\/pages\/57"}],"collection":[{"href":"https:\/\/www.safeinci.com\/index.php\/wp-json\/wp\/v2\/pages"}],"about":[{"href":"https:\/\/www.safeinci.com\/index.php\/wp-json\/wp\/v2\/types\/page"}],"author":[{"embeddable":true,"href":"https:\/\/www.safeinci.com\/index.php\/wp-json\/wp\/v2\/users\/1"}],"replies":[{"embeddable":true,"href":"https:\/\/www.safeinci.com\/index.php\/wp-json\/wp\/v2\/comments?post=57"}],"version-history":[{"count":16,"href":"https:\/\/www.safeinci.com\/index.php\/wp-json\/wp\/v2\/pages\/57\/revisions"}],"predecessor-version":[{"id":209,"href":"https:\/\/www.safeinci.com\/index.php\/wp-json\/wp\/v2\/pages\/57\/revisions\/209"}],"wp:featuredmedia":[{"embeddable":true,"href":"https:\/\/www.safeinci.com\/index.php\/wp-json\/wp\/v2\/media\/36"}],"wp:attachment":[{"href":"https:\/\/www.safeinci.com\/index.php\/wp-json\/wp\/v2\/media?parent=57"}],"curies":[{"name":"wp","href":"https:\/\/api.w.org\/{rel}","templated":true}]}}