{"id":38,"date":"2023-10-27T16:28:19","date_gmt":"2023-10-27T16:28:19","guid":{"rendered":"https:\/\/www.safeinci.com\/?page_id=38"},"modified":"2023-11-05T18:44:15","modified_gmt":"2023-11-05T18:44:15","slug":"kontakt","status":"publish","type":"page","link":"https:\/\/www.safeinci.com\/index.php\/kontakt\/","title":{"rendered":"KONTAKT"},"content":{"rendered":"\n<p class=\"has-text-align-center has-medium-font-size\">Zach\u0119camy do nawi\u0105zania kontaktu z naszym zespo\u0142em, aby\u015bmy mogli razem dopracowa\u0107 optymaln\u0105 form\u0119 wsp\u00f3\u0142pracy, dostosowan\u0105 do Pa\u0144stwa potrzeb.<\/p>\n\n\n<div class=\"wp-block-image\">\n<figure class=\"aligncenter size-large is-resized\"><img loading=\"lazy\" decoding=\"async\" width=\"1024\" height=\"173\" src=\"https:\/\/www.safeinci.com\/wp-content\/uploads\/2023\/10\/cropped-linkedin-tlo_linkedin-tlo-1024x173.jpg\" alt=\"\" class=\"wp-image-31\" style=\"aspect-ratio:5.91907514450867;width:746px;height:auto\" srcset=\"https:\/\/www.safeinci.com\/wp-content\/uploads\/2023\/10\/cropped-linkedin-tlo_linkedin-tlo-1024x173.jpg 1024w, https:\/\/www.safeinci.com\/wp-content\/uploads\/2023\/10\/cropped-linkedin-tlo_linkedin-tlo-300x51.jpg 300w, https:\/\/www.safeinci.com\/wp-content\/uploads\/2023\/10\/cropped-linkedin-tlo_linkedin-tlo-768x129.jpg 768w, https:\/\/www.safeinci.com\/wp-content\/uploads\/2023\/10\/cropped-linkedin-tlo_linkedin-tlo-1536x259.jpg 1536w, https:\/\/www.safeinci.com\/wp-content\/uploads\/2023\/10\/cropped-linkedin-tlo_linkedin-tlo-2048x345.jpg 2048w, https:\/\/www.safeinci.com\/wp-content\/uploads\/2023\/10\/cropped-linkedin-tlo_linkedin-tlo-356x60.jpg 356w\" sizes=\"(max-width: 1024px) 100vw, 1024px\" \/><\/figure><\/div>\n\n\n<h2 class=\"wp-block-heading has-medium-font-size\" style=\"font-style:normal;font-weight:600\">safeINCI Sp. z o.o.<\/h2>\n\n\n\n<h2 class=\"wp-block-heading has-medium-font-size\" style=\"font-style:normal;font-weight:600\">ul. Cegielniana 4A\/15<\/h2>\n\n\n\n<h2 class=\"wp-block-heading has-medium-font-size\" style=\"font-style:normal;font-weight:600\">30-404 Krak\u00f3w<\/h2>\n\n\n\n<h2 class=\"wp-block-heading has-medium-font-size\" style=\"font-style:normal;font-weight:600\">NIP: 6793279482<\/h2>\n\n\n\n<h2 class=\"wp-block-heading has-small-font-size\" style=\"font-style:normal;font-weight:600\">Agnieszka \u015ali\u017cewska  <img decoding=\"async\" src=\"https:\/\/www.safeinci.com\/wp-content\/uploads\/2023\/10\/image.png\" alt=\"logo\" style=\"width:18px;height:18px;\">   +48 884 354 270 <\/h2>\n\n\n\n<h2 class=\"wp-block-heading has-small-font-size\" style=\"font-style:normal;font-weight:600\">Krysztof Grabka  <img decoding=\"async\" style=\"width:18px;height:18px;\" src=\"https:\/\/www.safeinci.com\/wp-content\/uploads\/2023\/10\/image.png\" alt=\"logo\">   +48 <strong>508 354 276<\/strong><\/h2>\n\n\n\n<h2 class=\"wp-block-heading has-small-font-size\" style=\"font-style:normal;font-weight:600\">Justyna Niklewicz  <img decoding=\"async\" src=\"https:\/\/www.safeinci.com\/wp-content\/uploads\/2023\/10\/image.png\" alt=\"logo\" style=\"width:18px;height:18px;\">  +48 791 354 276<\/h2>\n\n\n\n<p><\/p>\n\n\n\n<h2 class=\"wp-block-heading has-small-font-size\" style=\"font-style:normal;font-weight:700\"> <img decoding=\"async\" src=\"https:\/\/www.safeinci.com\/wp-content\/uploads\/2023\/10\/email-1.png\" alt=\"logo\" style=\"width:18px;height18px;\"> kontakt@safeinci.com<\/h2>\n","protected":false},"excerpt":{"rendered":"<p>Zach\u0119camy do nawi\u0105zania kontaktu z naszym zespo\u0142em, aby\u015bmy mogli razem dopracowa\u0107 optymaln\u0105 form\u0119 wsp\u00f3\u0142pracy, dostosowan\u0105 do Pa\u0144stwa potrzeb. safeINCI Sp. z o.o. ul. Cegielniana 4A\/15 30-404 Krak\u00f3w NIP: 6793279482 Agnieszka &hellip; <\/p>\n","protected":false},"author":1,"featured_media":36,"parent":0,"menu_order":0,"comment_status":"closed","ping_status":"closed","template":"","meta":{"om_disable_all_campaigns":false,"_monsterinsights_skip_tracking":false,"_monsterinsights_sitenote_active":false,"_monsterinsights_sitenote_note":"","_monsterinsights_sitenote_category":0,"footnotes":""},"_links":{"self":[{"href":"https:\/\/www.safeinci.com\/index.php\/wp-json\/wp\/v2\/pages\/38"}],"collection":[{"href":"https:\/\/www.safeinci.com\/index.php\/wp-json\/wp\/v2\/pages"}],"about":[{"href":"https:\/\/www.safeinci.com\/index.php\/wp-json\/wp\/v2\/types\/page"}],"author":[{"embeddable":true,"href":"https:\/\/www.safeinci.com\/index.php\/wp-json\/wp\/v2\/users\/1"}],"replies":[{"embeddable":true,"href":"https:\/\/www.safeinci.com\/index.php\/wp-json\/wp\/v2\/comments?post=38"}],"version-history":[{"count":21,"href":"https:\/\/www.safeinci.com\/index.php\/wp-json\/wp\/v2\/pages\/38\/revisions"}],"predecessor-version":[{"id":208,"href":"https:\/\/www.safeinci.com\/index.php\/wp-json\/wp\/v2\/pages\/38\/revisions\/208"}],"wp:featuredmedia":[{"embeddable":true,"href":"https:\/\/www.safeinci.com\/index.php\/wp-json\/wp\/v2\/media\/36"}],"wp:attachment":[{"href":"https:\/\/www.safeinci.com\/index.php\/wp-json\/wp\/v2\/media?parent=38"}],"curies":[{"name":"wp","href":"https:\/\/api.w.org\/{rel}","templated":true}]}}