{"id":37,"date":"2023-10-27T15:25:16","date_gmt":"2023-10-27T15:25:16","guid":{"rendered":"https:\/\/www.safeinci.com\/?page_id=37"},"modified":"2023-11-29T17:30:49","modified_gmt":"2023-11-29T17:30:49","slug":"oferta","status":"publish","type":"page","link":"https:\/\/www.safeinci.com\/index.php\/oferta\/","title":{"rendered":"OFERTA"},"content":{"rendered":"\n<p class=\"has-small-font-size\">Oferujemy szeroki zakres us\u0142ug z zakresu bran\u017cy kosmetycznej, zapewniaj\u0105c profesjonalne wsparcie na ka\u017cdym etapie dzia\u0142alno\u015bci. Nasze us\u0142ugi obejmuj\u0105:<\/p>\n\n\n\n<p class=\"has-medium-font-size\"><strong>1. Bezpiecze\u0144stwo i zgodno\u015b\u0107:<\/strong><\/p>\n\n\n\n<ul>\n<li class=\"has-small-font-size\">Przeprowadzamy ocen\u0119 bezpiecze\u0144stwa produkt\u00f3w kosmetycznych.<\/li>\n\n\n\n<li class=\"has-small-font-size\">Sporz\u0105dzamy raporty bezpiecze\u0144stwa kosmetyk\u00f3w.<\/li>\n\n\n\n<li class=\"has-small-font-size\">Aktualizujemy raporty bezpiecze\u0144stwa w oparciu o nowe dane.<\/li>\n\n\n\n<li class=\"has-small-font-size\">Pomagamy w spe\u0142nieniu wymaga\u0144 dotycz\u0105cych wprowadzania produkt\u00f3w kosmetycznych na rynek.<\/li>\n\n\n\n<li class=\"has-small-font-size\">Pomagamy znale\u017a\u0107 zamienniki surowc\u00f3w dostosowane do wymaga\u0144 prawnych i technologicznych.<\/li>\n<\/ul>\n\n\n\n<p class=\"has-medium-font-size\"><strong>2. Rozw\u00f3j nowych produkt\u00f3w:<\/strong><\/p>\n\n\n\n<ul>\n<li class=\"has-small-font-size\">Weryfikujemy mo\u017cliwo\u015b\u0107 wprowadzenia surowc\u00f3w\/produkt\u00f3w kosmetycznych na rynek.<\/li>\n\n\n\n<li class=\"has-small-font-size\">Sprawdzamy dokumentacj\u0119 pod k\u0105tem zgodno\u015bci z aktualnymi przepisami.<\/li>\n\n\n\n<li class=\"has-small-font-size\">Pomoc w doborze sk\u0142adnik\u00f3w receptury. <\/li>\n<\/ul>\n\n\n\n<p class=\"has-medium-font-size\"><strong>3. Dokumentacja produktu:<\/strong><\/p>\n\n\n\n<ul>\n<li class=\"has-small-font-size\">Przygotowujemy Dossier produkt\u00f3w kosmetycznych (PIF).<\/li>\n\n\n\n<li class=\"has-small-font-size\">Pomagamy w kompletowaniu dokumentacji wymaganej przepisami.<\/li>\n<\/ul>\n\n\n\n<p class=\"has-medium-font-size\"><strong>4. Oznakowanie i deklaracje:<\/strong><\/p>\n\n\n\n<ul>\n<li class=\"has-small-font-size\">Ocena zgodno\u015bci etykiety kosmetyku i deklaracji marketingowych.<\/li>\n\n\n\n<li class=\"has-small-font-size\">Pomoc w kreowaniu etykiety kosmetyku zgodnej z Rozporz\u0105dzeniem Parlamentu Europejskiego i Rady (WE) Nr 1223\/2009 oraz Rozporz\u0105dzeniem Komisji (UE) nr 655\/2013.<\/li>\n<\/ul>\n\n\n\n<p class=\"has-medium-font-size\"><strong>5. Rejestracja w CPNP:<\/strong><\/p>\n\n\n\n<ul>\n<li class=\"has-small-font-size\">Pomagamy w rejestracji konta firmy oraz produktu w CPNP.<\/li>\n<\/ul>\n\n\n\n<h2 class=\"wp-block-heading has-medium-font-size\" style=\"font-style:normal;font-weight:600\">6. Kontrola jako\u015bci i badania:<\/h2>\n\n\n\n<ul>\n<li class=\"has-small-font-size\">Pomagamy w analizie produkt\u00f3w\/surowc\u00f3w pod k\u0105tem bada\u0144, w tym test\u00f3w mikrobiologicznych, bada\u0144 organoleptycznych i fizykochemicznych.<\/li>\n\n\n\n<li class=\"has-small-font-size\">Udzielamy doradztwa w doborze i opracowaniu metod badawczych.<\/li>\n<\/ul>\n\n\n\n<p class=\"has-medium-font-size\"><strong>7. Surowce i opakowania:<\/strong><\/p>\n\n\n\n<ul>\n<li class=\"has-small-font-size\">Pomagamy w znalezieniu odpowiednich dostawc\u00f3w surowc\u00f3w i opakowa\u0144.<\/li>\n<\/ul>\n\n\n\n<p class=\"has-medium-font-size\"><strong>8. Instrukcje stanowiskowe i metody badawcze:<\/strong><\/p>\n\n\n\n<ul>\n<li class=\"has-small-font-size\">Opracowujemy i wdra\u017camy instrukcje stanowiskowe w jednostkach badawczo-rozwojowych, kontroli jako\u015bci oraz dzia\u0142ach produkcyjnych.<\/li>\n\n\n\n<li class=\"has-small-font-size\">Pomagamy w opracowaniu i wdro\u017ceniu nowych metod badawczych i produkcyjnych.<\/li>\n<\/ul>\n\n\n\n<p class=\"has-medium-font-size\"><strong>9. Monitoring przepis\u00f3w i rozwi\u0105zywanie problem\u00f3w:<\/strong>  <\/p>\n\n\n\n<ul class=\"has-small-font-size\">\n<li>\u015aledzimy zmiany w przepisach dotycz\u0105cych kosmetyk\u00f3w i pomagamy w ich wdra\u017caniu i wymaganych zmianach. <\/li>\n<\/ul>\n\n\n\n<ul class=\"has-small-font-size\">\n<li>Udzielamy wsparcia w rozwi\u0105zywaniu bie\u017c\u0105cych problem\u00f3w produkcyjnych i optymalizacji proces\u00f3w produkcyjnych.<\/li>\n<\/ul>\n\n\n\n<p class=\"has-medium-font-size\"><strong>10. Szkolenia, wyk\u0142ady, warsztaty:<\/strong> <\/p>\n\n\n\n<ul class=\"has-small-font-size\">\n<li class=\"has-small-font-size\">Przeprowadzamy szkolenia, wyk\u0142ady oraz warsztaty online i stacjonarne z zakresu recepturowania, przepis\u00f3w i innych temat\u00f3w zwi\u0105zanych z przemys\u0142em kosmetycznym.<\/li>\n<\/ul>\n\n\n\n<p class=\"has-small-font-size\">Nasza firma specjalizuje si\u0119 w kompleksowym wsparciu dla bran\u017cy kosmetycznej, zapewniaj\u0105c profesjonalne doradztwo i us\u0142ugi, kt\u00f3re pomog\u0105 w realizacji cel\u00f3w i sukcesie w tej w tej dynamicznej dziedzinie.<\/p>\n\n\n\n<p class=\"has-small-font-size\">Nie znale\u017ali Pa\u0144stwo w naszej ofercie interesuj\u0105cego Pa\u0144stwa obszaru?&nbsp;<\/p>\n\n\n\n<p class=\"has-small-font-size\"><strong>Zapraszamy do kontaktu.<\/strong><\/p>\n","protected":false},"excerpt":{"rendered":"<p>Oferujemy szeroki zakres us\u0142ug z zakresu bran\u017cy kosmetycznej, zapewniaj\u0105c profesjonalne wsparcie na ka\u017cdym etapie dzia\u0142alno\u015bci. Nasze us\u0142ugi obejmuj\u0105: 1. Bezpiecze\u0144stwo i zgodno\u015b\u0107: 2. Rozw\u00f3j nowych produkt\u00f3w: 3. Dokumentacja produktu: 4. &hellip; <\/p>\n","protected":false},"author":1,"featured_media":36,"parent":0,"menu_order":0,"comment_status":"closed","ping_status":"closed","template":"","meta":{"om_disable_all_campaigns":false,"_monsterinsights_skip_tracking":false,"_monsterinsights_sitenote_active":false,"_monsterinsights_sitenote_note":"","_monsterinsights_sitenote_category":0,"footnotes":""},"_links":{"self":[{"href":"https:\/\/www.safeinci.com\/index.php\/wp-json\/wp\/v2\/pages\/37"}],"collection":[{"href":"https:\/\/www.safeinci.com\/index.php\/wp-json\/wp\/v2\/pages"}],"about":[{"href":"https:\/\/www.safeinci.com\/index.php\/wp-json\/wp\/v2\/types\/page"}],"author":[{"embeddable":true,"href":"https:\/\/www.safeinci.com\/index.php\/wp-json\/wp\/v2\/users\/1"}],"replies":[{"embeddable":true,"href":"https:\/\/www.safeinci.com\/index.php\/wp-json\/wp\/v2\/comments?post=37"}],"version-history":[{"count":15,"href":"https:\/\/www.safeinci.com\/index.php\/wp-json\/wp\/v2\/pages\/37\/revisions"}],"predecessor-version":[{"id":252,"href":"https:\/\/www.safeinci.com\/index.php\/wp-json\/wp\/v2\/pages\/37\/revisions\/252"}],"wp:featuredmedia":[{"embeddable":true,"href":"https:\/\/www.safeinci.com\/index.php\/wp-json\/wp\/v2\/media\/36"}],"wp:attachment":[{"href":"https:\/\/www.safeinci.com\/index.php\/wp-json\/wp\/v2\/media?parent=37"}],"curies":[{"name":"wp","href":"https:\/\/api.w.org\/{rel}","templated":true}]}}